se j - 32 = o. What is the highest common divisor of j and 9?
9
Suppose 33*z = -2*u + 31*z + 50, -75 = -3*u + 5*z. Calculate the highest common divisor of 305 and u.
5
Let g = 119 + -24. Let a be (-3)/(-1 - 0)*-2. Let v(j) = -j**3 - 4*j**2 + 8*j - 5. Let f be v(a). What is the greatest common divisor of g and f?
19
Suppose -35 = -6*v + 37. What is the greatest common divisor of 140 and v?
4
Let c(k) = k**3 + 16*k**2 + 41*k + 30. Let i be c(-13). Calculate the highest common divisor of 44 and i.
4
Let v be (4/24)/((-3)/(-63))*2. Suppose -6*q - q + 14 = 0. What is the highest common factor of q and v?
1
Suppose 0 = 49*i + 17 - 164. What is the highest common factor of i and 16?
1
Suppose 0 = -3*b + 12, f - 5*b - 48 = -0*f. Calculate the greatest common factor of f and 136.
68
Let k = -86 - -196. Suppose -2*s - s + 4*c + 34 = 0, -5*c + 5 = s. Calculate the highest common factor of s and k.
10
Suppose 0 = -5*j + 187 + 263. Let q be 4/5*(-135)/(-6). Calculate the greatest common divisor of q and j.
18
Let l(o) = 6*o + 2*o**2 - 3*o**2 - 15 - o**3 + 8*o**2 - o**2. Let f be l(10). Let z = 505 + f. What is the greatest common divisor of 60 and z?
30
Let t(p) = p**3 + 5*p**2 - p + 7. Let q be t(-5). Let i = -12 + q. Let o = i - -9. What is the greatest common divisor of o and 1?
1
Let l be -22*5/(70/(-21)). What is the greatest common factor of l and 33?
33
Let v = -90 + 126. Suppose 4*b = -u + 17, 5 = 6*u - u. Suppose 2*z - 41 = s, -b*z = -0*z + 3*s - 57. What is the highest common factor of z and v?
18
Let s = 15 - -10. Suppose -2*h = -7*h + s. Suppose 3*i - 54 = -3*g, h*i - 3*g = 2*g + 90. What is the highest common divisor of i and 144?
18
Let u(o) = 2*o**2 - 4*o + 21. Let z be u(10). Suppose 3*t + 4 = -t, -4*t + z = r. Calculate the greatest common factor of r and 37.
37
Suppose 4*o + 0*o + 20 = q, -2*q + o = -40. Suppose v - 5*j - 31 = 0, q = -6*j + j. Calculate the highest common factor of 121 and v.
11
Let o(b) = 7*b - 5. Let p be o(-3). Let v = p + 44. Calculate the highest common divisor of 18 and v.
18
Let d(s) = -18*s**3 - 2*s**2. Let y be d(-2). What is the highest common factor of y and 20?
4
Let n = 1593 + -1131. Calculate the greatest common factor of 42 and n.
42
Let n(g) = -2*g**2 - 38*g - 2. Let v be n(-17). Calculate the highest common factor of v and 286.
22
Let u be (0 + -3)/(-3 + 4) - -528. Suppose f - 8*f = -u. What is the highest common divisor of f and 50?
25
Let q(b) = -b**2 - b. Let m(g) = -g**3 - 2*g**2 + 3*g + 5. Let h(v) = -m(v) - 5*q(v). Let u be h(-5). What is the highest common factor of 5 and u?
5
Let m(w) = 242*w**2 - 3*w - 2. Let y be m(-1). Suppose -1 = o, -7*l + y = -3*l - 3*o. Let u = l + -40. Calculate the highest common divisor of u and 10.
10
Let k(i) = -i**3 - 3*i**2 + 4*i - 11. Let h be k(-5). Let v = 22 - h. Suppose -3*w + 6 = -w. What is the greatest common divisor of v and w?
3
Let j = 182 + -77. What is the greatest common factor of 35 and j?
35
Let k(t) = -t + 24. Let b = 4 - -6. Let a be k(b). What is the greatest common divisor of 56 and a?
14
Let j(h) = -h**3 - 7*h**2 + 14*h - 8. Let y be j(-11). Calculate the highest common divisor of 14 and y.
14
Let d(j) = -53*j - 563. Let c be d(-15). What is the highest common factor of c and 174?
58
Suppose 3*n - n - 405 = 3*t, 440 = 2*n + 4*t. Calculate the highest common factor of 90 and n.
30
Let w be (-1)/(2/5120)*(-22)/55. What is the greatest common divisor of w and 32?
32
Suppose 0 = -o + 5*a - 19, -5*o + 3*a - 5*a + 40 = 0. Calculate the greatest common factor of 834 and o.
6
Let k(i) = i**2 - 14*i + 2. Let r be k(14). Let j be ((-220)/1)/r + 2. Let y = 154 + j. Calculate the highest common divisor of 69 and y.
23
Let z be (-4106)/(-4) - ((-759)/46 + 16). Calculate the highest common divisor of 52 and z.
13
Let j(c) = 18*c + 400. Let q be j(-20). What is the greatest common divisor of q and 36?
4
Let l be ((-18)/(-5))/(5415/450 - 12). Calculate the greatest common factor of l and 276.
12
Suppose 235 = 5*o - p - 3*p, -3*o + 3*p + 141 = 0. What is the highest common factor of 94 and o?
47
Let b = -202 + 508. What is the greatest common factor of 18 and b?
18
Suppose -24 = -5*f + 3*x + 110, 3*f - 5*x - 90 = 0. What is the highest common divisor of f and 75?
25
Suppose 0*t = t - 5, -5*t - 689 = -3*m. Calculate the highest common divisor of 14 and m.
14
Let g = 34 + 70. Calculate the greatest common factor of g and 13.
13
Suppose 6679 = 29*w - 8546. Calculate the greatest common divisor of 21 and w.
21
Suppose -2*o = 2*o - 748. Let q be (-75)/(-20) - (-2)/8. Suppose 0*u + 4*u = 2*g + 74, 3*u - 63 = q*g. Calculate the highest common divisor of u and o.
17
Let w be (24/(-10))/(129/(-4085)). What is the highest common factor of w and 32?
4
Let c = -684 + 712. Calculate the greatest common factor of c and 266.
14
Suppose -39*r = -27*r - 12480. Calculate the greatest common divisor of r and 39.
13
Let i(t) = 3*t - 86. Let w be i(30). Suppose 0 = -w*h + 7*h - 27. Calculate the highest common divisor of h and 36.
9
Let t(f) = 16*f**3 - 5*f + 2. Let v be t(2). Calculate the greatest common factor of 48 and v.
24
Let f be 3*2/12*4. Let q(n) = 2*n - 2. Let i be q(3). Suppose i*d - 6*c + c + 11 = 0, 2*d - 3*c + 7 = 0. What is the greatest common divisor of f and d?
1
Suppose 4*w = 3*v - 70, -2*w + 0*w + 46 = 3*v. Let c = 34 + -7. What is the highest common divisor of v and c?
9
Let b = 32 - 29. Let q be -1 + 107 + b/(3/2). What is the greatest common factor of q and 36?
36
Let o(d) = 271*d**3 - 3*d**2 - 4*d + 6. Let v be o(1). What is the highest common factor of 12 and v?
6
Suppose 34 + 342 = 32*v - 104. Suppose -3*p - 4*z = 289, 4*p - 3*z = -2*z - 417. Let o be p/(-7) + 4/14. What is the greatest common divisor of v and o?
15
Suppose -31 = -4*x - l, -3*x - 12 = -4*x + 4*l. What is the highest common factor of 2 and x?
2
Suppose 15 = -2*n - w, -5*w = -n - w - 21. Let u = -224 + 239. Let y = u + n. Calculate the highest common factor of 6 and y.
6
Let y be (-3)/((-3)/7) - -1. Suppose -4*v = -16, 2*n - n + 2*v - 9 = 0. Suppose 2*q = -6, -18 = -p + 5*q + n. Calculate the highest common divisor of p and y.
4
Let s(a) = a**2 + 13*a - 43. Let b be s(-15). Let h(t) = -t**3 - 13*t**2 + 2*t + 38. Let y be h(b). What is the greatest common divisor of y and 132?
12
Let s be -26 + 21 - 4*8/(-1). Let c(p) = -p + 11. Let i be c(8). What is the greatest common divisor of s and i?
3
Let o = -606 + 614. Let n(a) = 2*a**2 - 4*a + 2. Let v be n(-5). What is the greatest common divisor of v and o?
8
Let g = 30 - 61. Let z = -17 - g. Calculate the greatest common divisor of z and 35.
7
Let k(v) = -v**2 - 12*v - 20. Let a be k(-6). Let f(n) = n**3 - 9*n**2 - n + 11. Let q be f(9). What is the greatest common factor of a and q?
2
Let m = -15 - -28. Let y be 2/((-4)/m)*2. Let l = y + 19. Calculate the greatest common divisor of l and 30.
6
Let b be (-6 - -4)*-1 - 1514. Let n be (12/9)/((-16)/b). What is the greatest common factor of 14 and n?
14
Let r(s) = s**3 - 41*s**2 - 34*s - 24. Let q be r(42). What is the greatest common factor of 24 and q?
24
Let m be ((-54)/(-45))/(6/2960). What is the highest common factor of 74 and m?
74
Let x(j) = -j**3 - 7*j**2 - 3*j - 1. Let k be x(-9). Calculate the greatest common divisor of k and 47.
47
Let y = 563 + -483. Calculate the highest common factor of y and 112.
16
Suppose 3*w = 2*p + 4, w = 3*p - 2*w. Let f be p/(-4 + (-266)/(-66)). Calculate the highest common divisor of f and 12.
12
Let t be -1*2/((-2)/15). Suppose -3*g = -3*r - 723, -3*g + g - 4 = 0. Let m = r + 378. What is the greatest common divisor of m and t?
15
Let h(l) = l**3 + 15*l**2 + 9*l + 9. Let t be h(-15). Let v = -88 - t. What is the greatest common factor of 19 and v?
19
Let l be (-2)/16 + 6/(48/113). What is the highest common divisor of 14 and l?
14
Suppose 9*a - 40*a + 744 = 0. Suppose -s = s - 2*t - 532, -3*s + 794 = -t. What is the greatest common factor of s and a?
24
Let a(q) = -2 + 145*q**2 - 157*q**2 - 6*q - q**3 - 15*q. Let y be a(-10). Calculate the greatest common divisor of 72 and y.
8
Suppose 3 = -3*b, -3*k + 5*b = -0*k - 551. Calculate the greatest common factor of 14 and k.
14
Let b(f) = 3*f**2 - 57*f - 91. Let i be b(31). What is the greatest common divisor o